38309 and 2733149.
1321
What is the highest common factor of 916300472 and 656?
328
Calculate the highest common divisor of 1173 and 1174224.
51
What is the greatest common divisor of 645 and 6847019?
43
What is the highest common divisor of 10697 and 130511?
19
Calculate the greatest common factor of 72 and 192756708.
36
What is the greatest common divisor of 108 and 16283106?
54
Calculate the greatest common divisor of 17383309 and 76.
19
Calculate the highest common factor of 120141 and 1994391.
63
Calculate the highest common divisor of 1599 and 101279061.
1599
Calculate the greatest common factor of 2341934 and 43354.
818
What is the greatest common divisor of 343905 and 134835?
1515
What is the greatest common divisor of 9819 and 72003818?
1091
Calculate the highest common factor of 4275973 and 91.
13
What is the greatest common divisor of 15678925 and 325?
25
What is the highest common divisor of 792 and 102136122?
198
Calculate the greatest common factor of 18 and 19209192.
6
What is the highest common factor of 640012 and 1548?
172
What is the greatest common factor of 6 and 12883890?
6
What is the highest common divisor of 239744 and 4302281?
1873
What is the greatest common factor of 1517259 and 9953?
37
What is the highest common divisor of 834 and 22382538?
6
What is the highest common factor of 4000 and 45273500?
500
What is the greatest common factor of 1764 and 1336083?
147
What is the greatest common factor of 11712 and 1255090128?
2928
Calculate the highest common divisor of 48 and 9128976.
48
Calculate the highest common factor of 253184 and 1019616.
1376
What is the greatest common divisor of 13134 and 13344573?
33
Calculate the highest common divisor of 83148 and 58085976.
2028
Calculate the highest common factor of 4032 and 3312640.
64
What is the highest common factor of 39184 and 25736936?
632
Calculate the highest common factor of 6524887 and 240001.
2243
Calculate the highest common divisor of 9555 and 1185.
15
What is the highest common divisor of 1680 and 50410?
10
Calculate the highest common factor of 377594117 and 26006.
13003
What is the highest common factor of 245 and 16503515?
35
What is the highest common divisor of 5101756 and 374?
22
What is the greatest common divisor of 2125284 and 6132?
84
What is the greatest common factor of 1170 and 94879850?
130
What is the highest common divisor of 13919 and 217031?
31
What is the greatest common divisor of 121413 and 2865?
3
What is the highest common factor of 48510 and 83035890?
4410
Calculate the greatest common factor of 134 and 1021998034.
134
What is the highest common divisor of 101669 and 2337?
19
What is the greatest common factor of 2038 and 83558?
2038
Calculate the highest common factor of 38983 and 117940282.
5569
Calculate the highest common factor of 3230180 and 60.
20
Calculate the highest common factor of 513116 and 27972.
148
Calculate the highest common factor of 624 and 23186748.
156
What is the greatest common divisor of 5049 and 157539?
51
Calculate the greatest common divisor of 114888845 and 905.
905
Calculate the greatest common divisor of 338178 and 11461.
157
Calculate the greatest common factor of 596 and 509069228.
596
What is the greatest common factor of 572 and 22212086?
26
Calculate the highest common divisor of 302514 and 158.
2
Calculate the highest common factor of 117 and 1764503.
13
Calculate the highest common factor of 17675518 and 56.
14
What is the greatest common factor of 3673377 and 7155?
1431
What is the highest common divisor of 333 and 4242235?
37
What is the greatest common divisor of 364964 and 37904?
92
What is the highest common divisor of 324 and 153136548?
108
Calculate the greatest common divisor of 19274 and 565340.
46
What is the highest common divisor of 107043 and 2046?
93
Calculate the highest common factor of 33973 and 43034176.
641
Calculate the highest common factor of 7 and 7520548.
7
What is the highest common divisor of 204879 and 54033?
93
Calculate the highest common divisor of 274 and 13019795.
137
Calculate the highest common divisor of 95270656 and 3328.
3328
What is the highest common divisor of 230461200 and 18000?
3600
What is the greatest common factor of 54 and 7765209?
9
What is the greatest common divisor of 246186 and 1500687?
2619
What is the highest common factor of 7362 and 79524?
18
What is the greatest common divisor of 1862640 and 32760?
4680
What is the highest common divisor of 237 and 45627003?
237
Calculate the greatest common divisor of 20867430 and 120.
30
What is the highest common divisor of 53599675 and 23075?
1775
What is the greatest common factor of 5262659 and 10324?
2581
What is the greatest common divisor of 592381128 and 12?
12
Calculate the greatest common divisor of 10447 and 1544808.
337
Calculate the highest common factor of 7668 and 33251688.
108
Calculate the highest common factor of 556 and 4258543.
139
Calculate the highest common divisor of 330 and 81422.
22
Calculate the greatest common divisor of 418 and 130254861.
209
What is the highest common divisor of 4747710 and 10?
10
What is the highest common factor of 73711 and 162224509?
6701
What is the greatest common factor of 24189 and 2849?
11
Calculate the greatest common divisor of 516532 and 152540.
1052
Calculate the greatest common factor of 2084256 and 64.
32
Calculate the greatest common factor of 27826434 and 15.
3
What is the greatest common divisor of 525 and 9373530?
15
What is the highest common factor of 486078 and 24?
6
Calculate the highest common divisor of 609363 and 14013.
81
What is the greatest common factor of 95 and 33671835?
5
Calculate the greatest common factor of 8073 and 212913441.
351
Calculate the highest common factor of 5856 and 214944.
96
What is the greatest common factor of 38280 and 157354?
58
Calculate the greatest common factor of 32314 and 171838.
302
Calculate the highest common divisor of 1247 and 21988308.
43
Calculate the highest common divisor of 17017974 and 611658.
4338
Calculate the highest common divisor of 25854 and 891546.
834
Calculate the highest common divisor of 5439582 and 4023.
27
What is the greatest common divisor of 4 and 6154186?
2
Calculate the greatest common factor of 667 and 236176.
29
What is the highest common factor of 590 and 304827335?
295
Calculate the greatest common divisor of 1696 and 75427056.
848
Calculate the greatest common divisor of 2975402 and 163.
163
Calculate the highest common factor of 16198 and 719743.
89
What is the greatest common divisor of 18587441 and 6129?
227
What is the highest common divisor of 5085667 and 4381?
337
What is the greatest common factor of 4730739 and 156?
39
What is the highest common divisor of 4 and 16142004?
4
What is the greatest common factor of 7548 and 330821292?
7548
Calculate the greatest common factor of 149770 and 16286.
34
What is the greatest common factor of 1209 and 55707?
93
What is the highest common factor of 23712 and 432972?
228
Calculate the greatest common divisor of 142272 and 34029.
171
What is the highest common divisor of 3871591 and 56839?
503
What is the highest common divisor of 323809 and 1388264?
1789
What is the highest common factor of 27320 and 829845?
3415
Calculate the greatest common divisor of 6844397 and 8029.
217
Calculate the greatest common factor of 220686351 and 2169.
723
What is the greatest common factor of 135 and 521834184?
27
Calculate the highest common factor of 14703667 and 232.
29
What is the highest common divisor of 254160 and 139435?
1765
Calculate the greatest common factor of 8273681 and 151307.
1339
What is the highest common divisor of 13632 and 7987713?
213
Calculate the greatest common divisor of 82966 and 67598144.
6382
Calculate the greatest common divisor of 96 and 2082144.
96
What is the greatest common divisor of 11770 and 18326?
22
What is the greatest common divisor of 1164420 and 810?
90
Calculate the highest common factor of 9436 and 105817663.
2359
Calculate the greatest common divisor of 8 and 3338108.
4
What is the greatest common factor of 116869 and 88122?
19
What is the highest common divisor of 34895682 and 9?
9
Calculate the greatest common factor of 400 and 34325.
25
What is the greatest common factor of 3925 and 8